nder when r is divided by (8/(-10))/(2/(-50)).
18
What is the remainder when (-1744)/(-109)*30/4 is divided by 25?
20
Suppose -46821 = -52*k + 249839. What is the remainder when k is divided by 197?
189
Let b = 19 - -3. Suppose w = 2*n + 36, 2*n + w + 60 = -2*n. Calculate the remainder when 520/n*(-7 + 5) is divided by b.
21
Suppose -5*g + 3*g + 3*d + 273 = 0, -2*d = 5*g - 673. Suppose -7*n + 12*n - 30 = 0. Calculate the remainder when g is divided by n.
3
Suppose -691 = -3*z + 5*v, 4*z - 4*v = -3*v + 927. Let b = z + -213. Calculate the remainder when 36 is divided by b.
17
Suppose x = -5*f + 604, 53*x + 5*f - 1882 = 50*x. What is the remainder when x is divided by 8?
7
Suppose -5*v - 125 = -5*s + 375, 5*v = -3*s + 276. Let h(n) = -6*n + 171. Let i be 1 - (-4 - (2 + -20)*-1). Calculate the remainder when s is divided by h(i).
31
Let s = 11612 + -11606. What is the remainder when 493 is divided by s?
1
Let i(v) = 3*v**3 + 31*v**2 - 12*v - 10. Let q be i(-10). What is the remainder when 73 is divided by (-2)/(5/(q/(-12)))?
3
Suppose -77*y = -73*y - 112. Let q(o) = -o - 27. Let g(v) = -v. Let a(h) = -g(h) - q(h). Calculate the remainder when y is divided by a(-6).
13
Suppose -5*u = -3*c - 176, 4*c = -5*u + 131 + 31. Calculate the remainder when 192 is divided by u.
22
What is the remainder when (((-20960)/(-48))/(-10))/((-3)/9) is divided by 46?
39
Suppose -4*d = -8*d + 44. Suppose 3674*l - 1827*l = 1822*l + 9825. Calculate the remainder when l is divided by d.
8
Let i = -2394 + 2591. Calculate the remainder when 381 is divided by i.
184
Let p(f) = 2*f**3 - 17*f + 43. Let y be p(8). Suppose 20*v - 21*v = 3, 2*v + y = 5*a. Calculate the remainder when a is divided by 66.
53
What is the remainder when (-912)/32*(-50)/(-45)*-3 is divided by 4?
3
Suppose -2053*p + 140495 = -563*p + 3415. Suppose 12 - 28 = -l. What is the remainder when p is divided by l?
12
Suppose 5*h = -4*k + 233, -3*h - 29 = -2*k - 160. Suppose 3*t - 2*t - h = 0. What is the remainder when t is divided by 4144/(-2146) + 2*1 + (-924)/(-58)?
13
Suppose -208*y + 1050 = -193*y. What is the remainder when 141 is divided by y?
1
Let t(j) = -4*j**3 + 2*j - 1. Let b be 0 - 1666/(-8) - (-14)/(-56). Suppose -5*r = -r - b. What is the remainder when r is divided by t(-2)?
25
Let x(s) = -3*s - 24*s + 33*s + 97. Calculate the remainder when x(-15) is divided by 7.
0
Let x = 3215 - 2957. Calculate the remainder when x is divided by 9.
6
Let x(k) = -k**3 - 10*k**2 + k + 18. Let o be x(-10). Suppose -2*s = -2 + o, 54 = -c - 4*s. What is the remainder when ((-5)/(-4))/1*(2 - c) is divided by 20?
15
Let u(h) = h**3 - 3*h**2 + 4*h - 1. Let r be u(2). Suppose -l + r*p + 2*p = 3, 3*p = 2*l - 22. Calculate the remainder when 46 is divided by l.
12
Suppose -5*d - 65 + 80 = 0. Suppose 92 = 4*v - 4*m, d*m + 25 = -0*v + v. What is the remainder when 43 is divided by v?
21
Let j(f) = 46*f + 191. Suppose 2*x + 12 = -x. What is the remainder when j(-4) is divided by x/(-10) + 13/5?
1
Let a = 9219 - 9183. What is the remainder when 49 is divided by a?
13
Let c = -543 - -563. Suppose -476 = 10*y - 1846. Calculate the remainder when y is divided by c.
17
What is the remainder when 408/(-459)*(-12510)/4 is divided by 199?
193
Let y(p) = 42*p + 12. Let h be y(-5). Let g = h - -203. Let f(z) = 2*z**2 + 4*z + 1. What is the remainder when f(-4) is divided by g?
2
Suppose 2*w + 3*h - 31 = 0, -34 + 89 = 2*w - 5*h. Calculate the remainder when 1795 is divided by w.
15
What is the remainder when 1062 is divided by ((-153)/(-18))/((-2 - -4) + (-6)/4)?
8
Let i be (25*-1 + 1)*-12. Let x = 407 - i. What is the remainder when x is divided by -60*(-3 + (-68)/(-20))*(-50)/30?
39
Let x = 539 - 242. Let y = x + -281. What is the remainder when 31 is divided by y?
15
Suppose -9*o + 33 = 15. Suppose -o*x - 2667 = -9*x. Calculate the remainder when x is divided by 16.
13
Let f(i) = -54*i - 904. Let h(c) = 11*c + 181. Let m(v) = 3*f(v) + 14*h(v). Calculate the remainder when 71 is divided by m(-26).
11
Let l = -1555 - -1625. What is the remainder when 265 is divided by l?
55
Suppose -9*y = -8*y - 3. Suppose 2*a = -4*h + 8, 0*h + 4*h = y*a - 52. What is the remainder when 347 is divided by a?
11
Suppose 29*v + 498 = 32*v. Suppose 0*z = -z + 2*b + v, 338 = 2*z - 2*b. Calculate the remainder when z is divided by 16.
12
Let q be -186 + (-4)/((-4)/8*4). Let u = -120 - q. Let m(b) = b + 9. Calculate the remainder when u is divided by m(8).
13
Let u(x) = 222*x - 2107. What is the remainder when u(10) is divided by 90?
23
Suppose -31 = -2*n - 5*w, -20 = -2*n + 2*w + 46. Suppose -39 = -5*h + 35*i - 36*i, -3*i - 3 = 0. What is the remainder when n is divided by h?
4
Suppose -2*k - 4*p = 0, -4*k + 12 = -5*p + 7*p. Suppose k*f - 100 = 60. What is the remainder when 116 is divided by f?
36
Suppose 0 = -5*u + z + 266, 208*u + 204 = 212*u - 3*z. What is the remainder when u is divided by 8?
6
Let k = -7602 + 7708. Calculate the remainder when 633 is divided by k.
103
Let h(p) = -p**3 + 5*p**2 + 34*p + 13. Let l be h(9). Calculate the remainder when 6*-2*l/20 - -48 is divided by 6.
3
Suppose 0 = -259*q + 255*q + 44. Suppose 9 = y + 13*r - q*r, r = -2*y + 18. What is the remainder when 4*3 + 1*2 is divided by y?
5
Let j = -8 + 12. Suppose 28 = 5*m + j*r, -2*r - r - 2 = -2*m. Suppose s + 5*k - 35 = 0, s + k - 2*k = 11. Calculate the remainder when s is divided by m.
3
Suppose 5*u - 4*d - 131 = 0, -2*d + 99 = 5*u + 2*d. Let m = 50746 + -50679. What is the remainder when m is divided by u?
21
Let t = 800 - 305. Suppose -8*q + 281 = -t. Calculate the remainder when 191 is divided by q.
94
What is the remainder when 299 is divided by 1095/18 - 10/(-60)?
55
Suppose 15*s - 49 = 8*s. Suppose -9*h = -s*h + 50. What is the remainder when 97 is divided by ((-6)/15)/(1/h)?
7
Let n(y) = -y**3 + 4*y**2 + 3*y - 4. Let i = -70 + 74. Calculate the remainder when 21 is divided by n(i).
5
Let b(p) = -146*p - 2968. Calculate the remainder when 362 is divided by b(-21).
68
Suppose -4*j + 3*z - 98 = j, -3*z = j + 34. Let r = 352 - 320. Let i = r + j. What is the remainder when 29 is divided by i?
9
Let q = -7365 - -7394. Calculate the remainder when 889 is divided by q.
19
Let d = -99 - -125. Calculate the remainder when 69 is divided by d.
17
Let y(c) = 14*c - 21. Suppose 62 = 10*f + 22. Let u be y(f). Suppose u = 11*z - 6*z. Calculate the remainder when z is divided by 2.
1
Suppose 70 = 38*m - 36*m. Suppose -4*q = m - 251. Suppose 3*z + 4*a + a = q, 0 = -5*z + 4*a + 90. Calculate the remainder when 32 is divided by z.
14
Suppose 0 = -90*t + 18467 + 31933. What is the remainder when t is divided by 138?
8
Suppose 5*a = -5*b + 75, 42 = 2*a - b - 0. Let y = -76 + 131. What is the remainder when y is divided by a?
17
Let d(j) = 34*j**2 - 120*j - 218. What is the remainder when 256 is divided by d(-2)?
98
Suppose -2*f - 3*u + 296 = 0, u + 145 + 433 = 4*f. Calculate the remainder when f is divided by 39.
28
Let k(v) = -160*v + 224. What is the remainder when k(1) is divided by 26?
12
Let u = -10 + 16. Suppose u*y = y + 80. Suppose 64*j - 57*j = -138 + 523. Calculate the remainder when j is divided by y.
7
Let p(c) = 279*c**2 + 285*c**2 + 15 - 8*c - 566*c**2 + 7. Calculate the remainder when p(-5) is divided by 5.
2
Suppose 3*d = 5*k - 2*k - 438, d = -k - 154. Let y = d + 201. Calculate the remainder when 304 is divided by y.
49
Suppose 82*q = -14*q + 5627 + 2245. Let w be (-14)/6 + 4/12. What is the remainder when q is divided by (-1)/w*4 + 15?
14
What is the remainder when (-4)/(-6) + (-2809)/(-9)*174/58 is divided by 33?
13
Let x(q) be the first derivative of -2*q**2 + 59*q - 26. Calculate the remainder when 123 is divided by x(14).
0
Calculate the remainder when (-2)/(56/(-28567)) + (-15)/12 + 2 is divided by 8.
5
Calculate the remainder when 312 is divided by 10240/(-960)*(1 + 2)*-2.
56
Let z(k) = -12*k**3 - 11*k + 10 - 8*k**3 - 11*k**3 - 9*k**2 + 30*k**3 + 8. What is the remainder when z(-9) is divided by 12?
9
Suppose -1 + 22 = b. Let l(w) = 6*w + 96. Let v be l(-8). Let f = v - b. What is the remainder when 160 is divided by f?
25
Suppose 216130 = 18*n + 9*n - 66938. Calculate the remainder when n is divided by 107.
105
Let y = 14007 + -13967. Calculate the rema